Dec 02 06:09:32.544 INFO testing Kranando/cube_game against master#8940af3cea4a9a9deabcaf843b2f8cad9a83fc61 for beta-1.31-5
Dec 02 06:09:32.544 INFO running `"docker" "create" "-v" "/mnt/big/crater/work/local/target-dirs/beta-1.31-5/worker-6/master#8940af3cea4a9a9deabcaf843b2f8cad9a83fc61:/target:rw,Z" "-v" "/mnt/big/crater/work/local/test-source/worker-6/beta-1.31-5/master#8940af3cea4a9a9deabcaf843b2f8cad9a83fc61:/source:ro,Z" "-v" "/mnt/big/crater/work/local/cargo-home:/cargo-home:ro,Z" "-v" "/mnt/big/crater/work/local/rustup-home:/rustup-home:ro,Z" "-e" "USER_ID=1000" "-e" "SOURCE_DIR=/source" "-e" "USER_ID=1000" "-e" "CMD=cargo +8940af3cea4a9a9deabcaf843b2f8cad9a83fc61-alt build --frozen" "-e" "CARGO_TARGET_DIR=/target" "-e" "CARGO_INCREMENTAL=0" "-e" "RUST_BACKTRACE=full" "-e" "RUSTFLAGS=--cap-lints=warn" "-e" "CARGO_HOME=/cargo-home" "-e" "RUSTUP_HOME=/rustup-home" "-m" "1536M" "--network" "none" "crater"`
Dec 02 06:09:33.053 INFO [stdout] ca72b8483f1d6a8874418a621267bb4c13792a0dea7a229473a0947862a5a844
Dec 02 06:09:33.060 INFO running `"docker" "start" "-a" "ca72b8483f1d6a8874418a621267bb4c13792a0dea7a229473a0947862a5a844"`
Dec 02 06:09:34.044 INFO [stderr] usermod: no changes
Dec 02 06:09:34.523 INFO [stderr]    Compiling serde_json v0.9.10
Dec 02 06:09:34.523 INFO [stderr]    Compiling crossbeam-epoch v0.3.1
Dec 02 06:09:34.531 INFO [stderr]    Compiling glutin v0.8.1
Dec 02 06:09:34.543 INFO [stderr]    Compiling png v0.8.0
Dec 02 06:09:38.179 INFO [stderr]    Compiling crossbeam-deque v0.2.0
Dec 02 06:09:40.603 INFO [stderr]    Compiling rayon-core v1.4.1
Dec 02 06:09:44.932 INFO [stderr]    Compiling target_build_utils v0.3.1
Dec 02 06:09:45.878 INFO [stderr]    Compiling rayon v1.0.2
Dec 02 06:09:49.875 INFO [stderr]    Compiling libloading v0.3.4
Dec 02 06:09:56.007 INFO [stderr]    Compiling dlib v0.3.1
Dec 02 06:09:56.971 INFO [stderr]    Compiling wayland-sys v0.8.7
Dec 02 06:09:58.247 INFO [stderr]    Compiling jpeg-decoder v0.1.15
Dec 02 06:09:59.767 INFO [stderr]    Compiling wayland-client v0.8.7
Dec 02 06:10:04.237 INFO [stderr]    Compiling wayland-window v0.5.0
Dec 02 06:10:04.237 INFO [stderr]    Compiling wayland-kbd v0.8.0
Dec 02 06:10:07.027 INFO [stderr]    Compiling image v0.14.0
Dec 02 06:10:11.039 INFO [stderr]    Compiling winit v0.6.4
Dec 02 06:10:34.499 INFO [stderr]    Compiling pistoncore-glutin_window v0.37.0
Dec 02 06:10:39.951 INFO [stderr]    Compiling piston-gfx_texture v0.25.0
Dec 02 06:10:45.693 INFO [stderr]    Compiling piston2d-gfx_graphics v0.41.0
Dec 02 06:10:50.971 INFO [stderr]    Compiling piston_window v0.67.0
Dec 02 06:10:55.003 INFO [stderr]    Compiling cube_game v0.1.0 (/source)
Dec 02 06:10:58.803 INFO [stderr] error[E0063]: missing field `radius` in initializer of `Game`
Dec 02 06:10:58.803 INFO [stderr]   --> src/main.rs:15:9
Dec 02 06:10:58.803 INFO [stderr]    |
Dec 02 06:10:58.803 INFO [stderr] 15 |         Game { rotation : 0.0, x : 0.0, y : 0.0, up_d: false, down_d: false, left_d: false, right_d: false }
Dec 02 06:10:58.803 INFO [stderr]    |         ^^^^ missing `radius`
Dec 02 06:10:58.803 INFO [stderr] 
Dec 02 06:10:58.911 INFO [stderr] error[E0599]: no method named `radius` found for type `[[f64; 3]; 2]` in the current scope
Dec 02 06:10:58.911 INFO [stderr]   --> src/main.rs:27:90
Dec 02 06:10:58.911 INFO [stderr]    |
Dec 02 06:10:58.911 INFO [stderr] 27 |             rectangle(WHITE, square, center.trans(self.x, self.y).rot_rad(self.rotation).radius(self.size).trans(-50.0, -50.0), g);
Dec 02 06:10:58.911 INFO [stderr]    |                                                                                          ^^^^^^
Dec 02 06:10:58.911 INFO [stderr] 
Dec 02 06:10:58.911 INFO [stderr] error[E0609]: no field `size` on type `&mut Game`
Dec 02 06:10:58.911 INFO [stderr]   --> src/main.rs:27:102
Dec 02 06:10:58.911 INFO [stderr]    |
Dec 02 06:10:58.911 INFO [stderr] 27 |             rectangle(WHITE, square, center.trans(self.x, self.y).rot_rad(self.rotation).radius(self.size).trans(-50.0, -50.0), g);
Dec 02 06:10:58.911 INFO [stderr]    |                                                                                                      ^^^^
Dec 02 06:10:58.911 INFO [stderr] 
Dec 02 06:10:58.919 INFO [stderr] error[E0609]: no field `size` on type `&mut Game`
Dec 02 06:10:58.919 INFO [stderr]   --> src/main.rs:36:27
Dec 02 06:10:58.919 INFO [stderr]    |
Dec 02 06:10:58.919 INFO [stderr] 36 |         if self.y <= self.size {
Dec 02 06:10:58.919 INFO [stderr]    |                           ^^^^
Dec 02 06:10:58.919 INFO [stderr] 
Dec 02 06:10:58.951 INFO [stderr] error: aborting due to 4 previous errors
Dec 02 06:10:58.951 INFO [stderr] 
Dec 02 06:10:58.951 INFO [stderr] Some errors occurred: E0063, E0599, E0609.
Dec 02 06:10:58.951 INFO [stderr] For more information about an error, try `rustc --explain E0063`.
Dec 02 06:10:58.979 INFO [stderr] error: Could not compile `cube_game`.
Dec 02 06:10:58.979 INFO [stderr] 
Dec 02 06:10:58.979 INFO [stderr] To learn more, run the command again with --verbose.
Dec 02 06:10:58.980 INFO [stderr] su: No module specific data is present
Dec 02 06:10:59.811 INFO running `"docker" "inspect" "ca72b8483f1d6a8874418a621267bb4c13792a0dea7a229473a0947862a5a844"`
Dec 02 06:11:00.089 INFO running `"docker" "rm" "-f" "ca72b8483f1d6a8874418a621267bb4c13792a0dea7a229473a0947862a5a844"`
Dec 02 06:11:00.350 INFO [stdout] ca72b8483f1d6a8874418a621267bb4c13792a0dea7a229473a0947862a5a844
